he units digit of t?
9
Suppose 0*v - 4*v - 20 = 0. Let n = 9 - v. What is the tens digit of n?
1
Suppose -44 = f - 3*f. What is the units digit of f?
2
Suppose -x + 13 = -5*t, 3*x - 4*t + 7 = 24. Suppose 2*b = x*b - 7. Suppose m + 4*s + b = 0, -3*m + 2 = 2*s + 3. What is the units digit of m?
1
Let x(m) = m**3 - 5*m**2 - 7*m + 15. What is the tens digit of x(7)?
6
Let a = 161 - 38. What is the hundreds digit of a?
1
Let c = -152 + 265. What is the units digit of c?
3
Let b(g) = -g**2 - g + 5. Let h be b(4). Let z = 23 + h. What is the units digit of z?
8
Suppose -698 = -5*b - 4*t, -3*b + t = 5*t - 422. What is the units digit of b?
8
Let o = 5 - 5. Suppose -3*i - 3*f - 3 = -42, o = f - 4. What is the units digit of i?
9
Suppose 0*a - a + 13 = -5*k, 4*k = 0. What is the tens digit of a?
1
Suppose 5*d + 5*l = -0*d, d = 3*l. Let m = d + 3. What is the units digit of m?
3
Suppose -4*v + 3*x + 2*x + 129 = 0, 2*x + 64 = 2*v. What is the tens digit of v?
3
Let l(s) = -s**2 - 4*s + 2. Let k be l(-4). What is the units digit of 34 + 12/(-2*k)?
1
Suppose 25 = 4*j + j, 4*b - 5*j = 163. What is the units digit of b?
7
Let t = 9 - 7. Suppose 2*w + 0 = -t. What is the units digit of (-15)/25*5/w?
3
What is the tens digit of (-4)/(-8)*-1*-184?
9
Suppose 0 = 5*t + 5*f + 4 + 6, 14 = -t - 4*f. Suppose 0 = -t*h - h + 36. What is the tens digit of h?
1
Suppose 2 - 1 = b. Let s = 11 + b. What is the tens digit of s?
1
Suppose -4*i = -4*b + 108, -b - 4*i = -50 + 8. Suppose -3*j = -3*u - 2*u + 54, -3*u + b = -j. What is the units digit of u?
9
Suppose -6*b + 145 = -b. Suppose 5*r - b = 36. What is the tens digit of r?
1
Let t be 1 + 63/1 + 0. Suppose 0 = 5*p - 9 + t. Let y = p - -19. What is the units digit of y?
8
What is the units digit of 2 - (-73 - -4 - -4)?
7
Suppose -2*s = s - 6. Suppose 12 = s*x + 2. Let j = 3 + x. What is the units digit of j?
8
Let j be (-4)/(-6)*(-675)/(-18). Let r = 6 - 1. Suppose -5*i = -5*w + j, -w + 5*i = 3*i - r. What is the units digit of w?
5
Suppose 12*f = 10*f + 306. What is the tens digit of f?
5
Let g(p) = -p**3 + 8*p**2 + 11*p - 12. Let d be g(9). Suppose 130 = -w + d*w. What is the units digit of w?
6
Let z be (-1)/(0 - 1 - -2). Let s(i) = -4*i + 1. What is the units digit of s(z)?
5
Suppose -b + 11 = -9. Suppose 3*q + 2*q = b. Suppose 7*n = q*n + 15. What is the units digit of n?
5
Suppose -3*d + 24 = -3*c, -4 = -3*d + 4*d + 5*c. Let z(s) = 8*s**3 + 9*s**3 + 2*s**2 + 1 - 2*s - d*s**3 + 0*s**3. What is the tens digit of z(1)?
1
Suppose 0 = -2*b + b + 7. Let y = b + -7. What is the units digit of (y - 1)/((-2)/18)?
9
Let v(f) = -f**2 + 2*f + 12. Let j(r) = r**2 - 3*r - 11. Let n(m) = 4*j(m) + 3*v(m). What is the units digit of n(8)?
8
Let o be 1 - 1 - (-6 + 2). Suppose 0 = -o*s + 42 - 10. What is the units digit of s?
8
Suppose f - 40 = -q, -4*f = -3*q - 9*f + 122. What is the units digit of q?
9
Let c = 120 - 65. Let i = -10 + c. Suppose -4*m + 3*y = -61, -3*m - 3*y + 5*y = -i. What is the tens digit of m?
1
Let w be 1 + (-2 - 0)*1. Let i = w + 4. Suppose -5*o + i*m - 6*m = -55, 0 = -4*m. What is the tens digit of o?
1
Let l(b) = b + 4. Let d be l(-3). What is the units digit of 27/d*2/6?
9
Let h = -123 - -175. What is the units digit of h?
2
Suppose 0 = -4*h + 7 + 33. What is the tens digit of h?
1
Suppose 0 = -0*u - 12*u + 2580. What is the tens digit of u?
1
Let i(t) = -t - 1. Suppose 3 + 2 = 5*k. Let m(d) = -d**2 - 9*d - 8. Let p(f) = k*m(f) - 4*i(f). What is the units digit of p(-3)?
2
Let w(x) = 1 - 10*x + 5 - 2 - 1. Let a be w(-6). What is the tens digit of (-1)/2 + a/6?
1
Let s(q) = 3*q + 9. Suppose -3*n + k = 19, -2*n + 3*k - 3 = 12. Let j be s(n). What is the units digit of (24/9)/((-3)/j)?
8
What is the tens digit of (38/(-10) - 3)/(1/(-15))?
0
Suppose -5*o + 10 = 3*h - 6, 5*o = 10. Let s be 9/3 - (-3 + h). Suppose 0 + 8 = s*t. What is the units digit of t?
2
Suppose 0 = -m - 4*l - 15, -3*m + l + 20 = -0*l. Let q = -1 + m. Suppose 3*c = -q*n + 30, 0 = 3*n + c - 26 + 6. What is the units digit of n?
6
Let g be 0/(1*-2) - 1. Let d be (-75)/6 - g/(-2). Let c = 0 - d. What is the tens digit of c?
1
Suppose 5*u - j = 417, 419 = 5*u - j - j. What is the units digit of u?
3
What is the units digit of (276/(-8))/3*-2?
3
Suppose -2*d = -6*d + 248. What is the tens digit of d?
6
Suppose 4*d = 3 + 1. Suppose -d = -2*v + v. What is the units digit of v?
1
Let m(h) = 10 + 2*h - 6*h + h**3 - 7. Let f be m(2). Suppose -t - 2*r = f, t + 21 = 4*t - 4*r. What is the units digit of t?
3
Suppose 2 = 6*v - 5*v. Suppose -2*l - v*q = -84, 5*l = 3*q - 20 + 270. What is the tens digit of l?
4
Let y(k) = -k**2 - 14*k + 3. What is the tens digit of y(-6)?
5
Let i be ((0 - 2) + 2)/(-1). What is the units digit of i/(-1) + 4 + 1?
5
Suppose 5*c + 132 = -3*j, -3*c + c - j = 52. Let n = 31 + c. What is the units digit of n?
7
Let c(y) = -y**2 - 6*y - 3. Let k be c(-4). Suppose 0 = -0*z - k*z - 20. What is the units digit of (1/4)/((-1)/z)?
1
Let a(z) = 3*z - 11. Let n be a(5). Let k = -23 + 62. Suppose -j - r = -9, 5*j - k = n*j + 5*r. What is the units digit of j?
4
Let k = -18 - -29. Let b = k + -8. What is the units digit of b?
3
Let u(w) be the second derivative of -2*w**3/3 - 2*w**2 - 3*w. What is the units digit of u(-4)?
2
Let s be ((-5)/(-2))/((-4)/(-8)). Suppose 140 = s*y + t, 5*t = y + t - 7. What is the tens digit of y?
2
Let p be (-23 + 2)*(-9)/27. Suppose 0*c - p = -c. What is the units digit of c?
7
Let w be (170/15)/(4/(-6)). Let b = w - -29. What is the units digit of b?
2
Let x = -8 - -32. Let p = x - -2. What is the units digit of p?
6
Suppose 10 = 6*s - s. Let l(v) = v**3 - 4*v + 3. Let o be l(s). Suppose -f + 3*f + 33 = 5*n, o*n - f = 19. What is the units digit of n?
5
Let k(y) = 29*y**3 + 3*y - 2. What is the units digit of k(1)?
0
Let o be (-2 - -1) + -3 + 10. Let t = o - -9. What is the tens digit of t?
1
Let i(b) = -b**3 + 2*b**2 - b. Let q be i(1). Suppose q*h - 3 = -h. Let x = 7 + h. What is the tens digit of x?
1
Suppose 5*u - 70 = -5*r, 0 = -3*r + 6*u - 2*u + 56. What is the units digit of r?
6
Let q(d) = -d - 5. Let k be q(-9). Suppose 0 = 2*a - 32 - k. What is the tens digit of a?
1
Let i be ((-55)/(-22))/(1/2). Suppose 0 = 2*u - 19 + i. Suppose -t = 2*p - u, -8 = 4*t + 4. What is the units digit of p?
5
Let n(m) = m + 1. Let g be n(-1). Let f(s) = -s**2 + 2*s + 3. Let v be f(2). Suppose g*x = -x + v. What is the units digit of x?
3
Let g = 4 - 9. Let z = g - -19. Suppose k - 4 - z = 0. What is the units digit of k?
8
Let a(m) = -m**3 + m**2 + 1 - 2*m**2 + 2*m**3 + 0. What is the units digit of a(1)?
1
Suppose -2*m + 5*m = 0. Let j(v) = -v**2 + v + 2. What is the units digit of j(m)?
2
Let z(p) = -p. Let t be z(-4). Let h = -2 + t. Suppose x + h*x = 15. What is the units digit of x?
5
Suppose 7*g - 27 = 6*g. What is the tens digit of g?
2
Let t(w) = 4*w**3 + 4*w**2 - w - 10. What is the tens digit of t(4)?
0
Suppose 3 = -3*z + 6. Let o = 2 + z. What is the units digit of o?
3
Let l(q) = -q**3 + q**2 + 3*q + 3. Let v be l(-3). Let w = v - 21. What is the units digit of w?
9
Let a(z) = -z. Let v be a(0). Suppose -3*j = -n + 2*j + 57, -4*n + 209 = -j. Suppose -31 = -c - 3*c - g, -3*c + 5*g + n = v. What is the units digit of c?
9
What is the tens digit of 4/20 + 99/5?
2
Suppose 0*f = f - 3. Suppose f*g + 5 - 32 = 0. Let y = 16 - g. What is the units digit of y?
7
Let v(o) = -o**3 - 20*o**2 - 4*o + 3. What is the units digit of v(-20)?
3
Let x(t) = -t**3 + 2*t**2 + t. Suppose 0 = 4*n - 5*n - 1. Let m be x(n). What is the units digit of (m - 6/9)*3?
4
Suppose -2*b + 16 = b - 5*r, -3*r = -4*b + 14. Let j = b + 0. What is the units digit of j?
2
Suppose 0 = d + 4*d, 0 = 4*b - 2*d - 160. What is the tens digit of (110/b)/(1/16)?
4
Suppose 4 + 12 = 4*t. Suppose -5*p + 4*k = -47, 2*p - p + k = t. Let v = 12 - p. What is the units digit of v?
5
Suppose a = -2*a - 6. What is the units digit of ((-2)/(-4))/(a/(-52))?
3
Suppose 3*c = q + 52, -3*q = 4*c - 8*q - 84. What is the tens digit of c?
1
Let m = 87 - 47. What is the tens digit of m?
4
Let o = -12 - -16. Suppose w + 5 = 0, -4*c + 37 + 47 = -o*w. What is the units digit of c?
6
Let x be 2/1 + -2 + 5. Suppose 35 = x*l - 0*l. What is the units digit of l?
7
Let j be (-1 + 